{"id":42,"date":"2016-04-22T10:23:14","date_gmt":"2016-04-22T08:23:14","guid":{"rendered":"https:\/\/www.lavida.at\/?page_id=42"},"modified":"2017-01-09T13:17:42","modified_gmt":"2017-01-09T12:17:42","slug":"allgemeine-fruehfoerderung","status":"publish","type":"page","link":"https:\/\/www.lavida.at\/?page_id=42","title":{"rendered":"Allgemeine Fr\u00fchf\u00f6rderung"},"content":{"rendered":"<p>Ganzheitliche F\u00f6rderung in spielerischer Form f\u00fcr Kinder mit<\/p>\n<ul>\n<li>Entwicklungsverz\u00f6gerung<\/li>\n<li>Behinderung<\/li>\n<li>Wahrnehmungsst\u00f6rung<\/li>\n<\/ul>\n<p>im Alter von 0 &#8211; 6 Jahren (bis Schuleintritt). Die Allgemeine Fr\u00fchf\u00f6rderung soll m\u00f6glichst fr\u00fch einsetzen und findet ein- bis zweimal pro Woche (90 Minuten) in der Regel zu Hause in der gewohnten Umgebung des Kindes statt, kann jedoch auch ambulant in der Fr\u00fchf\u00f6rderstelle angeboten werden.<\/p>\n<p>Die Allgemeine Fr\u00fchf\u00f6rderung umfasst die Einbeziehung des famili\u00e4ren Umfeldes und die Zusammenarbeit mit anderen Fachleuten (\u00c4rztInnen, P\u00e4dagogInnen, TherapeutInnen usw.).<\/p>\n<p>&nbsp;<\/p>\n<h3>Antragstellung und Kosten<\/h3>\n<p>Antragstellung beim Gemeindeamt oder der Bezirkshauptmannschaft\u00a0bzw. dem Magistrat (Sozialamt). Sie ben\u00f6tigen dazu eine \u00e4rztliche Verordnung f\u00fcr Allgemeine Fr\u00fchf\u00f6rderung und einen Lichtbildausweis.<\/p>\n<p>Die Kosten f\u00fcr Allgemeine Fr\u00fchf\u00f6rderung tr\u00e4gt zur G\u00e4nze das Land Steiermark.<\/p>\n<p class=\"p1\"><a href=\"http:\/\/www.graz.at\/cms\/dokumente\/10024949_445570\/cb5b3965\/Behindertenhilfe_Antrag.pdf\"><span class=\"s1\"><b>Antrag f\u00fcr Graz herunterladen<\/b><\/span><\/a><span class=\"s1\">\u00a0<\/span><\/p>\n<p class=\"p1\"><a href=\"http:\/\/www.soziales.steiermark.at\/cms\/dokumente\/10175947_5361\/a36024a0\/Antragsformular%20BHG.doc\"><span class=\"s1\"><b>Antrag f\u00fcr die Bezirksverwaltungsbeh\u00f6rde\u00a0herunterladen<\/b><\/span><\/a><\/p>\n<p class=\"p1\"><span class=\"s1\">\u00a0<\/span><\/p>\n","protected":false},"excerpt":{"rendered":"<p>Ganzheitliche F\u00f6rderung in spielerischer Form f\u00fcr Kinder mit Entwicklungsverz\u00f6gerung Behinderung Wahrnehmungsst\u00f6rung im Alter von 0 &#8211; 6 Jahren (bis Schuleintritt). Die Allgemeine Fr\u00fchf\u00f6rderung soll m\u00f6glichst fr\u00fch einsetzen und findet ein- bis zweimal pro Woche (90 Minuten) in der Regel zu Hause in der gewohnten Umgebung des Kindes statt, kann jedoch auch ambulant in der Fr\u00fchf\u00f6rderstelle<a href=\"https:\/\/www.lavida.at\/?page_id=42\">[&#8230;]<\/a><\/p>\n","protected":false},"author":2,"featured_media":0,"parent":0,"menu_order":0,"comment_status":"closed","ping_status":"closed","template":"","meta":{"footnotes":""},"class_list":["post-42","page","type-page","status-publish","hentry"],"yoast_head":"<!-- This site is optimized with the Yoast SEO plugin v27.1.1 - https:\/\/yoast.com\/product\/yoast-seo-wordpress\/ -->\n<title>Allgemeine Fr\u00fchf\u00f6rderung - Elterninitiative La Vida<\/title>\n<meta name=\"robots\" content=\"index, follow, max-snippet:-1, max-image-preview:large, max-video-preview:-1\" \/>\n<link rel=\"canonical\" href=\"https:\/\/www.lavida.at\/?page_id=42\" \/>\n<meta property=\"og:locale\" content=\"de_DE\" \/>\n<meta property=\"og:type\" content=\"article\" \/>\n<meta property=\"og:title\" content=\"Allgemeine Fr\u00fchf\u00f6rderung - Elterninitiative La Vida\" \/>\n<meta property=\"og:description\" content=\"Ganzheitliche F\u00f6rderung in spielerischer Form f\u00fcr Kinder mit Entwicklungsverz\u00f6gerung Behinderung Wahrnehmungsst\u00f6rung im Alter von 0 &#8211; 6 Jahren (bis Schuleintritt). Die Allgemeine Fr\u00fchf\u00f6rderung soll m\u00f6glichst fr\u00fch einsetzen und findet ein- bis zweimal pro Woche (90 Minuten) in der Regel zu Hause in der gewohnten Umgebung des Kindes statt, kann jedoch auch ambulant in der Fr\u00fchf\u00f6rderstelle[...]\" \/>\n<meta property=\"og:url\" content=\"https:\/\/www.lavida.at\/?page_id=42\" \/>\n<meta property=\"og:site_name\" content=\"Elterninitiative La Vida\" \/>\n<meta property=\"article:modified_time\" content=\"2017-01-09T12:17:42+00:00\" \/>\n<meta name=\"twitter:card\" content=\"summary_large_image\" \/>\n<meta name=\"twitter:label1\" content=\"Gesch\u00e4tzte Lesezeit\" \/>\n\t<meta name=\"twitter:data1\" content=\"1\u00a0Minute\" \/>\n<script type=\"application\/ld+json\" class=\"yoast-schema-graph\">{\"@context\":\"https:\/\/schema.org\",\"@graph\":[{\"@type\":\"WebPage\",\"@id\":\"https:\/\/www.lavida.at\/?page_id=42\",\"url\":\"https:\/\/www.lavida.at\/?page_id=42\",\"name\":\"Allgemeine Fr\u00fchf\u00f6rderung - Elterninitiative La Vida\",\"isPartOf\":{\"@id\":\"https:\/\/www.lavida.at\/#website\"},\"datePublished\":\"2016-04-22T08:23:14+00:00\",\"dateModified\":\"2017-01-09T12:17:42+00:00\",\"breadcrumb\":{\"@id\":\"https:\/\/www.lavida.at\/?page_id=42#breadcrumb\"},\"inLanguage\":\"de\",\"potentialAction\":[{\"@type\":\"ReadAction\",\"target\":[\"https:\/\/www.lavida.at\/?page_id=42\"]}]},{\"@type\":\"BreadcrumbList\",\"@id\":\"https:\/\/www.lavida.at\/?page_id=42#breadcrumb\",\"itemListElement\":[{\"@type\":\"ListItem\",\"position\":1,\"name\":\"Startseite\",\"item\":\"https:\/\/www.lavida.at\/\"},{\"@type\":\"ListItem\",\"position\":2,\"name\":\"Allgemeine Fr\u00fchf\u00f6rderung\"}]},{\"@type\":\"WebSite\",\"@id\":\"https:\/\/www.lavida.at\/#website\",\"url\":\"https:\/\/www.lavida.at\/\",\"name\":\"Elterninitiative La Vida\",\"description\":\"La Vida ist ein gemeinn\u00fctziger Verein, der Ende 2000 von den Sehfr\u00fchf\u00f6rderInnen Hermann Lang, Monika Letonja, Sigrid Shaban-Neuhold und von Eltern betreuter Kinder gegr\u00fcndet wurde. Seit 2006 bieten wir neben Mobiler Sehfr\u00fchf\u00f6rderung und Allgemeiner Fr\u00fchf\u00f6rderung auch Familienentlastung an.\",\"potentialAction\":[{\"@type\":\"SearchAction\",\"target\":{\"@type\":\"EntryPoint\",\"urlTemplate\":\"https:\/\/www.lavida.at\/?s={search_term_string}\"},\"query-input\":{\"@type\":\"PropertyValueSpecification\",\"valueRequired\":true,\"valueName\":\"search_term_string\"}}],\"inLanguage\":\"de\"}]}<\/script>\n<!-- \/ Yoast SEO plugin. -->","yoast_head_json":{"title":"Allgemeine Fr\u00fchf\u00f6rderung - Elterninitiative La Vida","robots":{"index":"index","follow":"follow","max-snippet":"max-snippet:-1","max-image-preview":"max-image-preview:large","max-video-preview":"max-video-preview:-1"},"canonical":"https:\/\/www.lavida.at\/?page_id=42","og_locale":"de_DE","og_type":"article","og_title":"Allgemeine Fr\u00fchf\u00f6rderung - Elterninitiative La Vida","og_description":"Ganzheitliche F\u00f6rderung in spielerischer Form f\u00fcr Kinder mit Entwicklungsverz\u00f6gerung Behinderung Wahrnehmungsst\u00f6rung im Alter von 0 &#8211; 6 Jahren (bis Schuleintritt). Die Allgemeine Fr\u00fchf\u00f6rderung soll m\u00f6glichst fr\u00fch einsetzen und findet ein- bis zweimal pro Woche (90 Minuten) in der Regel zu Hause in der gewohnten Umgebung des Kindes statt, kann jedoch auch ambulant in der Fr\u00fchf\u00f6rderstelle[...]","og_url":"https:\/\/www.lavida.at\/?page_id=42","og_site_name":"Elterninitiative La Vida","article_modified_time":"2017-01-09T12:17:42+00:00","twitter_card":"summary_large_image","twitter_misc":{"Gesch\u00e4tzte Lesezeit":"1\u00a0Minute"},"schema":{"@context":"https:\/\/schema.org","@graph":[{"@type":"WebPage","@id":"https:\/\/www.lavida.at\/?page_id=42","url":"https:\/\/www.lavida.at\/?page_id=42","name":"Allgemeine Fr\u00fchf\u00f6rderung - Elterninitiative La Vida","isPartOf":{"@id":"https:\/\/www.lavida.at\/#website"},"datePublished":"2016-04-22T08:23:14+00:00","dateModified":"2017-01-09T12:17:42+00:00","breadcrumb":{"@id":"https:\/\/www.lavida.at\/?page_id=42#breadcrumb"},"inLanguage":"de","potentialAction":[{"@type":"ReadAction","target":["https:\/\/www.lavida.at\/?page_id=42"]}]},{"@type":"BreadcrumbList","@id":"https:\/\/www.lavida.at\/?page_id=42#breadcrumb","itemListElement":[{"@type":"ListItem","position":1,"name":"Startseite","item":"https:\/\/www.lavida.at\/"},{"@type":"ListItem","position":2,"name":"Allgemeine Fr\u00fchf\u00f6rderung"}]},{"@type":"WebSite","@id":"https:\/\/www.lavida.at\/#website","url":"https:\/\/www.lavida.at\/","name":"Elterninitiative La Vida","description":"La Vida ist ein gemeinn\u00fctziger Verein, der Ende 2000 von den Sehfr\u00fchf\u00f6rderInnen Hermann Lang, Monika Letonja, Sigrid Shaban-Neuhold und von Eltern betreuter Kinder gegr\u00fcndet wurde. Seit 2006 bieten wir neben Mobiler Sehfr\u00fchf\u00f6rderung und Allgemeiner Fr\u00fchf\u00f6rderung auch Familienentlastung an.","potentialAction":[{"@type":"SearchAction","target":{"@type":"EntryPoint","urlTemplate":"https:\/\/www.lavida.at\/?s={search_term_string}"},"query-input":{"@type":"PropertyValueSpecification","valueRequired":true,"valueName":"search_term_string"}}],"inLanguage":"de"}]}},"_links":{"self":[{"href":"https:\/\/www.lavida.at\/index.php?rest_route=\/wp\/v2\/pages\/42","targetHints":{"allow":["GET"]}}],"collection":[{"href":"https:\/\/www.lavida.at\/index.php?rest_route=\/wp\/v2\/pages"}],"about":[{"href":"https:\/\/www.lavida.at\/index.php?rest_route=\/wp\/v2\/types\/page"}],"author":[{"embeddable":true,"href":"https:\/\/www.lavida.at\/index.php?rest_route=\/wp\/v2\/users\/2"}],"replies":[{"embeddable":true,"href":"https:\/\/www.lavida.at\/index.php?rest_route=%2Fwp%2Fv2%2Fcomments&post=42"}],"version-history":[{"count":7,"href":"https:\/\/www.lavida.at\/index.php?rest_route=\/wp\/v2\/pages\/42\/revisions"}],"predecessor-version":[{"id":205,"href":"https:\/\/www.lavida.at\/index.php?rest_route=\/wp\/v2\/pages\/42\/revisions\/205"}],"wp:attachment":[{"href":"https:\/\/www.lavida.at\/index.php?rest_route=%2Fwp%2Fv2%2Fmedia&parent=42"}],"curies":[{"name":"wp","href":"https:\/\/api.w.org\/{rel}","templated":true}]}}